to base 3
21
What is 222 (base 5) in base 12?
52
What is -5 (base 6) in base 11?
-5
-6 (base 16) to base 11
-6
Convert -24 (base 12) to base 14.
-20
5 (base 13) to base 14
5
-110 (base 5) to base 8
-36
4 (base 14) to base 8
4
What is -10 (base 4) in base 10?
-4
-10 (base 4) to base 9
-4
What is -1 (base 4) in base 11?
-1
What is 10 (base 16) in base 6?
24
Convert 15 (base 6) to base 15.
b
Convert -3 (base 5) to base 16.
-3
Convert 10 (base 7) to base 16.
7
1100111 (base 2) to base 7
205
What is 2 (base 13) in base 12?
2
Convert -2 (base 11) to base 13.
-2
What is -3 (base 4) in base 7?
-3
Convert 33 (base 13) to base 10.
42
What is 36 (base 16) in base 10?
54
Convert 3 (base 15) to base 9.
3
Convert 2 (base 12) to base 2.
10
Convert 41 (base 10) to base 13.
32
Convert 245 (base 7) to base 10.
131
-1 (base 5) to base 10
-1
Convert 15 (base 7) to base 10.
12
-d (base 16) to base 8
-15
5 (base 14) to base 10
5
Convert -40 (base 8) to base 6.
-52
-4 (base 16) to base 12
-4
Convert 102 (base 4) to base 11.
17
Convert 237 (base 8) to base 12.
113
What is 2 (base 14) in base 4?
2
-305 (base 8) to base 10
-197
76 (base 10) to base 5
301
What is -74 (base 12) in base 5?
-323
What is -34 (base 11) in base 9?
-41
Convert 32 (base 4) to base 13.
11
Convert 3 (base 4) to base 3.
10
4 (base 10) to base 7
4
Convert -10100 (base 2) to base 16.
-14
Convert 21 (base 6) to base 11.
12
-117 (base 8) to base 5
-304
What is -4 (base 7) in base 3?
-11
What is 323 (base 6) in base 5?
443
What is 22 (base 10) in base 7?
31
Convert -20 (base 6) to base 16.
-c
Convert 1 (base 15) to base 14.
1
What is -321 (base 6) in base 13?
-94
Convert -1 (base 5) to base 2.
-1
-47 (base 16) to base 3
-2122
Convert -6 (base 8) to base 15.
-6
-3 (base 9) to base 3
-10
What is 0 (base 11) in base 16?
0
Convert 9 (base 14) to base 11.
9
What is -26 (base 10) in base 6?
-42
-3 (base 8) to base 12
-3
Convert 1a (base 12) to base 8.
26
Convert -10 (base 6) to base 9.
-6
What is 15 (base 16) in base 4?
111
4 (base 15) to base 5
4
Convert -25 (base 9) to base 11.
-21
-12 (base 8) to base 16
-a
Convert 212 (base 4) to base 2.
100110
Convert -1 (base 9) to base 2.
-1
Convert -21 (base 6) to base 13.
-10
What is 2 (base 10) in base 12?
2
Convert 2 (base 10) to base 13.
2
What is -10 (base 9) in base 14?
-9
-9 (base 15) to base 3
-100
10 (base 10) to base 8
12
-2 (base 14) to base 12
-2
What is -1 (base 3) in base 16?
-1
110110 (base 2) to base 8
66
23 (base 5) to base 14
d
What is -9 (base 15) in base 2?
-1001
Convert -14 (base 6) to base 15.
-a
Convert 7 (base 10) to base 8.
7
Convert -3 (base 4) to base 2.
-11
Convert -225 (base 8) to base 2.
-10010101
Convert 20 (base 3) to base 5.
11
Convert 5 (base 7) to base 11.
5
0 (base 7) to base 4
0
What is -10a (base 11) in base 2?
-10000011
111 (base 3) to base 10
13
-340 (base 6) to base 3
-11220
1123 (base 5) to base 7
322
Convert 245 (base 6) to base 14.
73
What is 41 (base 7) in base 13?
23
Convert -3 (base 14) to base 16.
-3
26 (base 12) to base 3
1010
Convert c2 (base 13) to base 8.
236
What is -43 (base 5) in base 12?
-1b
Convert -2 (base 3) to base 12.
-2
16 (base 13) to base 2
10011
61 (base 7) to base 6
111
1 (base 5) to base 2
1
20 (base 16) to base 12
28
6 (base 14) to base 4
12
What is 19 (base 15) in base 6?
40
What is 204 (base 5) in base 7?
105
Convert 6 (base 8) to base 5.
11
Convert -6 (base 14) to base 12.
-6
Convert -1 (base 11) to base 5.
-1
What is 43 (base 7) in base 13?
25
What is 120 (base 4) in base 9?
26
20 (base 3) to base 5
11
Convert -1c (base 13) to base 14.
-1b
Convert 126 (base 9) to base 6.
253
Convert 37 (base 11) to base 10.
40
What is 65 (base 10) in base 4?
1001
Convert 90 (base 12) to base 6.
300
What is -5 (base 12) in base 11?
-5
Convert 2 (base 13) to base 8.
2
Convert 223 (base 6) to base 14.
63
What is 333 (base 4) in base 12?
53
What is -14 (base 10) in base 16?
-e
Convert -1101 (base 4) to base 15.
-56
-170 (base 8) to base 7
-231
Convert 174 (base 9) to base 11.
125
Convert -6 (base 8) to base 16.
-6
34 (base 5) to base 10
19
19 (base 10) to base 11
18
What is -200 (base 6) in base 11?
-66
-302 (base 5) to base 8
-115
-10 (base 9) to base 4
-21
Convert 12 (base 14) to base 10.
16
What is 127 (base 9) in base 8?
152
Convert c (base 13) to base 7.
15
Convert -13 (base 13) to base 10.
-16
What is -10011001 (base 2) in base 3?
-12200
Convert -1 (base 15) to base 6.
-1
-14 (base 9) to base 16
-d
What is -1020 (base 4) in base 3?
-2200
-3 (base 4) to base 7
-3
-21 (base 11) to base 9
-25
What is -1a (base 12) in base 3?
-211
Convert 22 (base 3) to base 5.
13
3 (base 12) to base 7
3
What is -b (base 15) in base 2?
-1011
Convert 30 (base 16) to base 13.
39
Convert -2 (base 8) to base 11.
-2
-9 (base 16) to base 10
-9
Convert -6 (base 15) to base 4.
-12
What is 8 (base 13) in base 10?
8
Convert -13 (base 13) to base 11.
-15
What is -39 (base 11) in base 4?
-222
What is -33 (base 6) in base 4?
-111
1 (base 16) to base 8
1
Convert 0 (base 6) to base 14.
0
Convert -175 (base 14) to base 13.
-1a0
What is 1 (base 12) in base 3?
1
Convert 100 (base 4) to base 6.
24
What is 101 (base 6) in base 11?
34
Convert 10100110 (base 2) to base 4.
2212
Convert -3 (base 9) to base 12.
-3
Convert -7 (base 10) to base 11.
-7
16 (base 10) to base 6
24
-103 (base 4) to base 14
-15
What is -38 (base 15) in base 5?
-203
What is 244 (base 6) in base 8?
144
What is -1d (base 16) in base 3?
-1002
What is 3 (base 11) in base 8?
3
-213 (base 11) to base 10
-256
Convert 4d (base 15) to base 9.
81
What is -3 (base 10) in base 4?
-3
-10232 (base 4) to base 14
-178
What is -101110 (base 2) in base 14?
-34
Convert c3 (base 15) to base 7.
351
1 (base 16) to base 10
1
10a (base 13) to base 6
455
Convert -3 (base 5) to base 3.
-10
What is 12c (base 16) in base 3?
102010
-93 (base 12) to base 3
-11010
What is -21200 (base 3) in base 7?
-414
Convert -10000 (base 3) to base 10.
-81
8d (base 15) to base 14
97
What is 221 (base 3) in base 14?
1b
Convert 0 (base 16) to base 2.
0
1 (base 4) to base 2
1
-28 (base 11) to base 8
-36
What is 11 (base 9) in base 8?
12
Convert -1015 (base 6) to base 12.
-16b
2142 (base 5) to base 4
10221
What is 50 (base 16) in base 15?
55
Convert -4 (base 16) to base 9.
-4
-22 (base 6) to base 7
-20
Convert -2 (base 4) to base 13.
-2
Convert 2 (base 10) to base 12.
2
-13 (base 13) to base 16
-10
-2 (base 10) to base 16
-2
3 (base 12) to base 13
3
60 (base 9) to base 14
3c
What is -77 (base 13) in base 7?
-200
What is 65 (base 14) in base 13?
6b
Convert -21 (base 4) to base 8.
-11
-1 (base 3) to base 2
-1
What is db (base 15) in base 12?
152
2 (base 9) to base 14
2
11 (base 16) to base 15
12
1 (base 14) to base 4
1
What is -1141 (base 5) in base 11?
-146
40 (base 6) to base 3
220
Convert 16 (base 8) to base 10.
14
-1101 (base 3) to base 10
-37
Convert 3 (base 9) to base 11.
3
Convert -3 (base 16) to base 10.
-3
Convert 2b (base 12) to base 15.
25
Convert -15 (base 9) to base 5.
-24
Convert 57 (base 11) to base 10.
62
1012 (base 3) to base 16
20
2 (base 9) to base 16
2
22 (base 3) to base 4
20
What is 325 (base 7) in base 11?
141
Convert 3a (base 11) to base 3.
1121
Convert -17 (base 8) to base 6.
-23
1 (base 3) to base 14
1
Convert -211 (base 4) to base 11.
-34
What is 6 (base 11) in base 16?
6
Convert 1 (base 11) to base 5.
1
Convert 1 (base 6) to base 9.
1
What is 121 (base 3) in base 13?
13
153 (base 6) to base 15
49
What is 43 (base 9) in base 6?
103
What is 15 (base 14) in base 11?
18
Convert -8 (base 16) to base 9.
-8
Convert 115 (base 8) to base 10.
77
What is 104 (base 6) in base 11?
37
What is 14 (base 11) in base 3?
120
Convert 177 (base 11) to base 10.
205
Convert -1b (base 14) to base 15.
-1a
-16 (base 16) to base 15
-17
What is -70 (base 13) in base 14?
-67
What is 4 (base 10) in base 6?
4
ca (base 14) to base 9
217
-24 (base 13) to base 10
-30
11 (base 4) to base 8
5
What is -21 (base 4) in base 3?
-100
Convert 17 (base 16) to base 3.
212
49 (base 16) to base 8
111
What is 0 (base 10) in base 15?
0
What is -4 (base 14) in base 8?
-4
What is 0 (base 12) in base 6?
0
-31 (base 4) to base 7
-16
Convert -1 (base 7) to base 3.
-1
-86 (base 14) to base 10
-118
101011 (base 2) to base 11
3a
Convert -3 (base 10) to b